hen 5920 is divided by 2861.
198
Calculate the remainder when 3937 is divided by 357.
10
Calculate the remainder when 31224 is divided by 163.
91
Calculate the remainder when 50308 is divided by 68.
56
Calculate the remainder when 2442627 is divided by 5.
2
Calculate the remainder when 2941 is divided by 2845.
96
What is the remainder when 870763 is divided by 5?
3
What is the remainder when 8143 is divided by 98?
9
Calculate the remainder when 15506 is divided by 20.
6
Calculate the remainder when 10192 is divided by 20.
12
What is the remainder when 1954 is divided by 56?
50
What is the remainder when 5009 is divided by 53?
27
What is the remainder when 34767 is divided by 8688?
15
Calculate the remainder when 9430 is divided by 177.
49
Calculate the remainder when 1548 is divided by 855.
693
What is the remainder when 28240 is divided by 3525?
40
Calculate the remainder when 2047 is divided by 50.
47
What is the remainder when 6854 is divided by 151?
59
Calculate the remainder when 38542 is divided by 146.
144
What is the remainder when 29318 is divided by 3764?
2970
What is the remainder when 22023 is divided by 1231?
1096
What is the remainder when 6948 is divided by 126?
18
What is the remainder when 22772 is divided by 59?
57
Calculate the remainder when 40593 is divided by 115.
113
What is the remainder when 11106 is divided by 42?
18
Calculate the remainder when 15809 is divided by 1542.
389
What is the remainder when 10693 is divided by 129?
115
Calculate the remainder when 21723 is divided by 3099.
30
What is the remainder when 21156 is divided by 11?
3
Calculate the remainder when 65615 is divided by 608.
559
Calculate the remainder when 531 is divided by 474.
57
Calculate the remainder when 341548 is divided by 550.
548
What is the remainder when 9688 is divided by 1912?
128
Calculate the remainder when 37903 is divided by 361.
359
Calculate the remainder when 213858 is divided by 17.
15
Calculate the remainder when 25001 is divided by 373.
10
What is the remainder when 282747 is divided by 50?
47
What is the remainder when 133907 is divided by 66950?
7
What is the remainder when 1105187 is divided by 28?
27
Calculate the remainder when 3434 is divided by 378.
32
Calculate the remainder when 2073 is divided by 20.
13
Calculate the remainder when 977870 is divided by 244467.
2
What is the remainder when 83178 is divided by 24?
18
Calculate the remainder when 12365 is divided by 1640.
885
Calculate the remainder when 117389 is divided by 97.
19
What is the remainder when 1215 is divided by 82?
67
What is the remainder when 12357 is divided by 53?
8
Calculate the remainder when 76868 is divided by 17.
11
Calculate the remainder when 7687 is divided by 7635.
52
What is the remainder when 390 is divided by 358?
32
Calculate the remainder when 110429 is divided by 28.
25
What is the remainder when 16471 is divided by 103?
94
What is the remainder when 16755 is divided by 5414?
513
Calculate the remainder when 9852 is divided by 31.
25
What is the remainder when 4619 is divided by 566?
91
Calculate the remainder when 259 is divided by 258.
1
Calculate the remainder when 52820 is divided by 385.
75
Calculate the remainder when 8239 is divided by 1367.
37
What is the remainder when 65767 is divided by 3652?
31
Calculate the remainder when 17357 is divided by 1157.
2
Calculate the remainder when 135783 is divided by 24.
15
Calculate the remainder when 87514 is divided by 8750.
14
Calculate the remainder when 559 is divided by 42.
13
Calculate the remainder when 994 is divided by 236.
50
Calculate the remainder when 12609 is divided by 1261.
1260
Calculate the remainder when 1650 is divided by 107.
45
What is the remainder when 41509 is divided by 51?
46
Calculate the remainder when 323462 is divided by 107817.
11
Calculate the remainder when 44526 is divided by 24.
6
What is the remainder when 112837 is divided by 14?
11
What is the remainder when 10480 is divided by 451?
107
Calculate the remainder when 14718 is divided by 160.
158
What is the remainder when 100701 is divided by 35?
6
Calculate the remainder when 2727 is divided by 232.
175
Calculate the remainder when 1203884 is divided by 15.
14
What is the remainder when 8898 is divided by 144?
114
Calculate the remainder when 11231 is divided by 342.
287
What is the remainder when 882791 is divided by 134?
133
Calculate the remainder when 1197 is divided by 191.
51
What is the remainder when 8715 is divided by 1742?
5
Calculate the remainder when 51636 is divided by 10.
6
What is the remainder when 7302098 is divided by 820?
818
Calculate the remainder when 258785 is divided by 28753.
8
What is the remainder when 154215 is divided by 154206?
9
Calculate the remainder when 1181 is divided by 301.
278
What is the remainder when 5013 is divided by 1498?
519
Calculate the remainder when 3429 is divided by 846.
45
Calculate the remainder when 3324 is divided by 1662.
0
Calculate the remainder when 27111 is divided by 484.
7
What is the remainder when 1100500 is divided by 234?
232
What is the remainder when 11873 is divided by 35?
8
What is the remainder when 306824 is divided by 51?
8
What is the remainder when 75834 is divided by 99?
0
Calculate the remainder when 7566 is divided by 638.
548
What is the remainder when 66477 is divided by 29?
9
Calculate the remainder when 1045 is divided by 849.
196
What is the remainder when 548911 is divided by 499?
11
What is the remainder when 193476 is divided by 622?
34
Calculate the remainder when 353648 is divided by 34.
14
Calculate the remainder when 1004044 is divided by 2766.
2752
What is the remainder when 11255 is divided by 3749?
8
Calculate the remainder when 821 is divided by 131.
35
Calculate the remainder when 2396 is divided by 2381.
15
What is the remainder when 25851 is divided by 176?
155
Calculate the remainder when 25948 is divided by 1620.
28
What is the remainder when 19372 is divided by 121?
12
What is the remainder when 647243 is divided by 468?
467
Calculate the remainder when 2229 is divided by 312.
45
What is the remainder when 72839 is divided by 900?
839
What is the remainder when 22668 is divided by 711?
627
Calculate the remainder when 12420 is divided by 52.
44
Calculate the remainder when 312 is divided by 153.
6
What is the remainder when 23738 is divided by 23556?
182
What is the remainder when 3653 is divided by 259?
27
Calculate the remainder when 1913 is divided by 574.
191
What is the remainder when 39218 is divided by 633?
605
What is the remainder when 16170 is divided by 7647?
876
Calculate the remainder when 2930352 is divided by 611.
607
Calculate the remainder when 35853 is divided by 37.
0
Calculate the remainder when 4014 is divided by 131.
84
What is the remainder when 10645 is divided by 71?
66
What is the remainder when 4653 is divided by 375?
153
What is the remainder when 926 is divided by 242?
200
Calculate the remainder when 40226 is divided by 1003.
106
Calculate the remainder when 13280 is divided by 1207.
3
What is the remainder when 336134 is divided by 242?
238
What is the remainder when 12933 is divided by 106?
1
What is the remainder when 38974 is divided by 786?
460
Calculate the remainder when 13409 is divided by 394.
13
What is the remainder when 14022 is divided by 1001?
8
What is the remainder when 3126 is divided by 227?
175
Calculate the remainder when 95767 is divided by 127.
9
Calculate the remainder when 2797 is divided by 161.
60
Calculate the remainder when 16736 is divided by 124.
120
Calculate the remainder when 2555 is divided by 239.
165
What is the remainder when 272 is divided by 60?
32
Calculate the remainder when 7679 is divided by 334.
331
Calculate the remainder when 950363 is divided by 93.
89
What is the remainder when 46013 is divided by 22967?
79
Calculate the remainder when 38871 is divided by 905.
861
Calculate the remainder when 188697 is divided by 17.
14
Calculate the remainder when 25168 is divided by 30.
28
Calculate the remainder when 159018 is divided by 65.
28
What is the remainder when 60011 is divided by 20?
11
What is the remainder when 1863 is divided by 82?
59
What is the remainder when 867 is divided by 202?
59
What is the remainder when 163167